et a = -361 + 518. What is the hundreds digit of a?
1
Suppose -3*g = 12 - 129. What is the tens digit of g?
3
Let c = -17 + 20. Let x(p) be the third derivative of p**4/8 + p**3/3 - p**2. What is the units digit of x(c)?
1
Let m = 32 - 14. Suppose -21 + m = -3*s. What is the units digit of s?
1
Suppose 3*m = -k + 110, -m + 4*k = -59 + 18. What is the tens digit of m?
3
Let z(n) = -4*n + 5*n - 5 + 0*n. What is the units digit of z(7)?
2
What is the tens digit of 1/((-26)/(-39) + (-305)/462)?
5
Suppose y = 3*t + 26 + 16, 2*t + y = -23. Let f = -1 - t. What is the units digit of f?
2
Suppose 0 = 2*q + q + 6. Let a(f) = -7*f - 9. Let x(p) = 7*p + 8. Let o(k) = -6*a(k) - 7*x(k). What is the units digit of o(q)?
2
Let h be 4/(-2) + 2*3. Suppose -5*y - 3*x + x + 20 = 0, y - 4 = 5*x. Suppose -h*r - y = -56. What is the units digit of r?
3
Let a = -10 - 18. Let u = a + 56. What is the tens digit of u?
2
Let t = 59 + -38. What is the tens digit of t?
2
Let y(t) = t**2 - 5*t + 8 - 4*t - 23 + 4*t. What is the tens digit of y(11)?
5
Suppose -x = -2*y + 5, -4*y + 2 = x - 23. Suppose 8*v - 3*v - 4*l = 21, -4*v + 2*l = -12. Let t = x - v. What is the units digit of t?
4
What is the units digit of 74 + (-4)/(-4)*-1?
3
Let y = 35 + -15. Suppose -3*x = -2*z - 10 - y, -1 = x + 3*z. What is the units digit of x?
8
Suppose 0 = -d + 20 + 5. What is the units digit of d?
5
Let a(p) be the second derivative of p**5/20 + 3*p**4/4 + 4*p**3/3 + 6*p**2 + 2*p. What is the tens digit of a(-8)?
1
Let x(h) = -h**3 - h**2 + 1. What is the units digit of x(0)?
1
Suppose 528 = -v - 1736. What is the units digit of v/(-56) - (-6)/(-14)?
0
Suppose 3*p = -s + 56, -p - 4*p = -2*s + 90. What is the tens digit of s?
5
Suppose 5*l = -3*j + 2*l + 24, 14 = 3*j - 2*l. Suppose -s + j = -19. What is the units digit of s?
5
Let v = -2 + 12. Let f = v - 3. What is the units digit of f?
7
Let r(q) = -q**3 - 16*q**2 - 31*q + 19. What is the units digit of r(-14)?
1
Let w(a) = 2*a**3 - 3*a**2 + a - 2. Let s be w(2). Suppose 4*p + 77 = 5*c - 27, -2*p + 104 = s*c. What is the tens digit of c?
2
Let l(g) = g**3 + 7*g**2 - 5*g - 7. What is the tens digit of l(-6)?
5
Let c(f) = f**2 + 6*f + 7. Let x be c(-5). Suppose -4*o - 71 = -5*w, o + 26 = x*w - 0*o. What is the units digit of w?
1
Let r = -18 - -43. What is the tens digit of r?
2
What is the units digit of 204 + (1 - 3 - -7)?
9
Let r be 0/((-2 - -2) + 1). Suppose -5*y - 6*b + b - 30 = r, -5*y = 3*b + 36. Let k(v) = v**2 + 8*v + 9. What is the tens digit of k(y)?
1
Suppose -4*t = -4*v - 16, 6*v + t + 11 = 2*v. Let m = v + 9. What is the units digit of m/(-3) - 22/(-2)?
9
Suppose 5*z = 2*h + z - 62, -2*h = -z - 77. What is the tens digit of h?
4
Let a = 12 + -6. Let l(x) = x**3 + 6*x**2 + x + 8. Let f be l(-6). What is the units digit of 3*(a/9 + f)?
8
Let z be 1 + (1 - 0)*1. Let c = -20 - -20. Suppose -t + z = -c*t. What is the units digit of t?
2
Let b = 12 - -2. Let o = 24 + -34. Let m = o + b. What is the units digit of m?
4
Let l = 87 + -47. What is the tens digit of l?
4
Suppose 2*v - d = 14 + 60, 2*v = 2*d + 76. What is the units digit of v?
6
Let w = 4 - 7. Let v = 13 + w. What is the units digit of v?
0
Let x(p) = -21*p. Let s be x(-1). Suppose -5*c + 101 = s. What is the units digit of c?
6
Suppose 35 = -10*z + 5*z - 5*s, -s = 4*z + 13. What is the units digit of 3 + (-1)/z*4?
5
Suppose 2*m = -2*m - 212. Let c = -38 - m. What is the units digit of (2/3)/(2/c)?
5
What is the units digit of 82 - 22 - -1*3?
3
Suppose -o = -0*o - 2. What is the tens digit of (-1776)/(-52) + o/(-13)?
3
Let x be (-207)/(-12) - (-6)/8. What is the units digit of -15*(-3)/(x/4)?
0
Suppose -2*a + 5*d = -22 + 2, 0 = 5*a - 4*d - 33. Let v(t) = -2*t - 3*t**2 - t**3 + 3 + a*t + 0. What is the units digit of v(-4)?
7
What is the units digit of (-18)/((-3)/1)*2?
2
Let m(q) = -151*q**3 + 2*q**2 - 1. What is the units digit of m(-1)?
2
Suppose 4*t - 11 - 1 = 0. Suppose -4*u = 3*s - 74, 5*u = -t*s + 4*u + 59. What is the tens digit of s?
1
Let v(w) = 19*w + 29. What is the units digit of v(9)?
0
Let y(j) = -j**2 + j - 1. Let g(d) = -d**2. Let s(o) = 5*g(o) - 6*y(o). Let k be s(7). Let m = k + -9. What is the units digit of m?
4
Let f = 49 + -131. What is the tens digit of 5/(-10) - f/4?
2
Let j = 20 + -20. Suppose -40 = -4*n - 4*r, -n - 5*r + 30 = -j*r. What is the units digit of n?
5
Let m = 7 - 20. Let j = -12 - m. What is the units digit of j?
1
Suppose -5*u = -u - 8. Let d(w) = 3 - u*w - 4 - 2. What is the units digit of d(-4)?
5
Let h be (-2)/(-12) + 860/24. Let c = h + -14. What is the units digit of c?
2
Let o(g) = g**3 + 1 - g**3 - 6*g**2 - 2*g**3 + 3*g**3. What is the units digit of o(6)?
1
Let p(a) = 22*a - 5. What is the hundreds digit of p(5)?
1
Let c(n) = n**2 + 4*n - 1. What is the units digit of c(-5)?
4
Suppose 2*r = -z + 3, -z + 5*r = -3*z + 8. What is the tens digit of z*3 - 25/(-1)?
2
Let j(u) = -u + 15. Let i(p) = -1. Let o(h) = -6*i(h) - 2*j(h). What is the units digit of o(18)?
2
Let m(s) = 6*s**2 - 2*s - 1. Let h be m(-1). Suppose 3*b = h*b - 52. What is the tens digit of b?
1
What is the tens digit of ((-8)/(-3))/(1/9)?
2
Suppose 0 = -4*i + 13 + 19. Let g(r) = r**3 - 9*r**2 + 8*r - 2. Let p be g(i). What is the units digit of p + 19 + 1 + -3?
5
Let l = 527 - 342. What is the tens digit of l?
8
Suppose -3*i - i + 160 = 0. What is the units digit of i?
0
Let s(l) = l - 2. Let g = 13 - 6. Let k be s(g). Suppose -6 = -2*o + p, -k*o + 2 = -3*p - 15. What is the units digit of o?
1
What is the tens digit of 2/(1/3 + (-51)/171)?
5
What is the tens digit of 4 + -2 + (-5 - -33)?
3
Let u(o) = -2*o**2 + 5*o - 3. Let c(b) = 3*b**2 - 6*b + 4. Let f(h) = 4*c(h) + 5*u(h). What is the units digit of f(-1)?
2
Suppose -6*h + 20 = -2*h. Suppose 0 = -h*c - 26 + 96. What is the tens digit of c?
1
Suppose 21 + 45 = 3*a. What is the tens digit of a?
2
Suppose s + 529 = 2*z - 0*s, -3*s - 1321 = -5*z. What is the hundreds digit of z?
2
Let p = -1 - -1. Suppose 4*z = 4*o - 8, p*o = o + 5*z + 10. Suppose o = c + s - 4 - 1, 4*c - 3*s - 34 = 0. What is the units digit of c?
7
Let j(o) = -6 + o**3 - 5*o**2 + 1 - 2*o - 2*o**3. Let m be j(-5). Suppose 2*d = m*d - 27. What is the units digit of d?
9
Let g(o) = 15*o. Let d be g(-7). What is the tens digit of (1 - -41)*(-90)/d?
3
What is the units digit of 68/8 + 9/(-6)?
7
Suppose 4*i + 2*o - 30 = 0, i + o - 7 = 2. Let c be (i/5)/(2/(-10)). Let h(a) = -a**3 - 5*a**2 + 6*a + 6. What is the units digit of h(c)?
6
Suppose -4*g + 3 = -3*g. Suppose -35 - 25 = -g*v. Suppose v = 5*p - 35. What is the units digit of p?
1
Suppose 11*r - 773 - 305 = 0. What is the units digit of r?
8
Let k = 5 - -6. Suppose 3*f + 0*f + 4*p = k, 0 = f - 2*p - 17. What is the units digit of f?
9
Let z(h) = 15*h**2 - 5*h + 5. What is the units digit of z(2)?
5
Let w = 13 - 8. Suppose -u = w*h - 59, 4*u - 3*u = -1. What is the tens digit of h?
1
Suppose 4*o + 114 = 7*o. Suppose 0 = -a + 5*h + o - 14, -3*a + h = -100. What is the tens digit of a?
3
Suppose -5*i = -2*i - 192. What is the units digit of i?
4
Let y = -52 - -59. What is the units digit of y?
7
Suppose u + 2 = 5*b - 16, -4*u - b = -33. What is the tens digit of ((-38)/(-6))/(u/21)?
1
Let f = 2 + 2. Suppose 8 = -2*m + f*m. Suppose 6 = m*b - 6. What is the units digit of b?
3
Let v(m) = -2*m + 5. Let h be v(-6). Let s = 19 - 11. Suppose -h = -5*j + s. What is the units digit of j?
5
Suppose -2*a = -18 + 16. What is the units digit of a?
1
Suppose -6 + 30 = -4*s. Let d(t) = -t**2 - 5*t + 7. What is the units digit of d(s)?
1
Let o be 8/36 + 176/18. Let b(v) = -20*v + 5. Let f be b(o). What is the units digit of (-2)/7 + f/(-21)?
9
Suppose -5*l - 3*v + 371 = 0, 0 = -4*l + 2*v - 0*v + 310. What is the units digit of l?
6
Let i(l) = l**2 + 2. Let h be i(0). Let m be (-1)/(-2) + 15/6. Let q = m + h. What is the units digit of q?
5
Let v(m) = m**2 + 2*m - 7. Let q = -1 + -6. What is the tens digit of v(q)?
2
Let y = 23 - 8. What is the units digit of y?
5
Let p(w) = -7*w**3 + 5*w**2 + 3*w - 4. What is the units digit of p(-2)?
6
Let w(s) = 2*s**2 - s. Let i be w(1). Suppose 0 = 3*p + i - 7. What is the units digit of (1 + 6)/(1/p)?
4
What is the tens digit of (-4)/((-155)/(-40) - 4)?
3
Let a = -113 + 222.